{"id":130,"date":"2019-02-20T19:00:47","date_gmt":"2019-02-20T17:00:47","guid":{"rendered":"http:\/\/paivarinteenlomamokit.com\/?page_id=130"},"modified":"2026-05-11T13:15:56","modified_gmt":"2026-05-11T11:15:56","slug":"hinnasto","status":"publish","type":"page","link":"https:\/\/paivarinteenlomamokit.com\/index.php\/hinnasto\/","title":{"rendered":"Hinnasto"},"content":{"rendered":"\n<div class=\"wp-block-columns is-layout-flex wp-container-core-columns-is-layout-1 wp-block-columns-is-layout-flex\">\n<div class=\"wp-block-column is-layout-flow wp-block-column-is-layout-flow\" style=\"flex-basis:100%\">\n<div class=\"wp-block-group\"><div class=\"wp-block-group__inner-container is-layout-constrained wp-block-group-is-layout-constrained\">\n<figure class=\"wp-block-table is-style-regular\"><table class=\"has-fixed-layout\"><tbody><tr><td><strong>M\u00f6kki<\/strong><\/td><td><strong>Hinta \/ viikko<\/strong><\/td><td><strong>Hinta \/ vrk<\/strong><\/td><\/tr><tr><td><a href=\"https:\/\/paivarinteenlomamokit.com\/index.php\/mokit\/paivansade\/\" data-type=\"page\" data-id=\"241\">P\u00e4iv\u00e4ns\u00e4de<\/a><br><img loading=\"lazy\" decoding=\"async\" width=\"150\" height=\"100\" class=\"wp-image-238\" style=\"width: 150px;\" src=\"http:\/\/paivarinteenlomamokit.com\/wp-content\/uploads\/2021\/05\/IMG_1327-scaled.jpg\" alt=\"\" srcset=\"https:\/\/paivarinteenlomamokit.com\/wp-content\/uploads\/2021\/05\/IMG_1327-scaled.jpg 2560w, https:\/\/paivarinteenlomamokit.com\/wp-content\/uploads\/2021\/05\/IMG_1327-300x200.jpg 300w, https:\/\/paivarinteenlomamokit.com\/wp-content\/uploads\/2021\/05\/IMG_1327-1024x682.jpg 1024w, https:\/\/paivarinteenlomamokit.com\/wp-content\/uploads\/2021\/05\/IMG_1327-768x511.jpg 768w, https:\/\/paivarinteenlomamokit.com\/wp-content\/uploads\/2021\/05\/IMG_1327-1536x1023.jpg 1536w, https:\/\/paivarinteenlomamokit.com\/wp-content\/uploads\/2021\/05\/IMG_1327-2048x1364.jpg 2048w\" sizes=\"(max-width: 150px) 100vw, 150px\" \/><\/td><td>420 \u20ac <br>(1-4 hl\u00f6)<br>440 \u20ac <br>(5-6 hl\u00f6)<\/td><td>70 \u20ac (1-4 hl\u00f6)<br>95 \u20ac (5-6 hl\u00f6)<\/td><\/tr><tr><td><a href=\"https:\/\/paivarinteenlomamokit.com\/index.php\/mokit\/hiekkalahti-i\/\" data-type=\"page\" data-id=\"32\">Hiekkalahti I<\/a><br><img loading=\"lazy\" decoding=\"async\" width=\"150\" height=\"100\" class=\"wp-image-157\" style=\"width: 150px;\" src=\"http:\/\/paivarinteenlomamokit.com\/wp-content\/uploads\/2020\/05\/IMG_1005-scaled.jpg\" alt=\"\" srcset=\"https:\/\/paivarinteenlomamokit.com\/wp-content\/uploads\/2020\/05\/IMG_1005-scaled.jpg 2560w, https:\/\/paivarinteenlomamokit.com\/wp-content\/uploads\/2020\/05\/IMG_1005-300x200.jpg 300w, https:\/\/paivarinteenlomamokit.com\/wp-content\/uploads\/2020\/05\/IMG_1005-1024x682.jpg 1024w, https:\/\/paivarinteenlomamokit.com\/wp-content\/uploads\/2020\/05\/IMG_1005-768x511.jpg 768w, https:\/\/paivarinteenlomamokit.com\/wp-content\/uploads\/2020\/05\/IMG_1005-1536x1023.jpg 1536w, https:\/\/paivarinteenlomamokit.com\/wp-content\/uploads\/2020\/05\/IMG_1005-2048x1364.jpg 2048w\" sizes=\"(max-width: 150px) 100vw, 150px\" \/><\/td><td>420 \u20ac <br>(1-4 hl\u00f6)<br> 440 \u20ac <br>(5-8 hl\u00f6)<\/td><td>70 \u20ac (1-4 hl\u00f6)<br>95 \u20ac (5-8hl\u00f6)<\/td><\/tr><tr><td><a href=\"https:\/\/paivarinteenlomamokit.com\/index.php\/mokit\/hiekkalahti-ii\/\" data-type=\"page\" data-id=\"35\">Hiekkalahti II<\/a><br><img loading=\"lazy\" decoding=\"async\" width=\"150\" height=\"100\" class=\"wp-image-159\" style=\"width: 150px;\" src=\"http:\/\/paivarinteenlomamokit.com\/wp-content\/uploads\/2020\/05\/IMG_0922-scaled.jpg\" alt=\"\" srcset=\"https:\/\/paivarinteenlomamokit.com\/wp-content\/uploads\/2020\/05\/IMG_0922-scaled.jpg 2560w, https:\/\/paivarinteenlomamokit.com\/wp-content\/uploads\/2020\/05\/IMG_0922-300x200.jpg 300w, https:\/\/paivarinteenlomamokit.com\/wp-content\/uploads\/2020\/05\/IMG_0922-1024x682.jpg 1024w, https:\/\/paivarinteenlomamokit.com\/wp-content\/uploads\/2020\/05\/IMG_0922-768x511.jpg 768w, https:\/\/paivarinteenlomamokit.com\/wp-content\/uploads\/2020\/05\/IMG_0922-1536x1023.jpg 1536w, https:\/\/paivarinteenlomamokit.com\/wp-content\/uploads\/2020\/05\/IMG_0922-2048x1364.jpg 2048w\" sizes=\"(max-width: 150px) 100vw, 150px\" \/><\/td><td>400 \u20ac <br>(1-4 hl\u00f6)<br> 420 \u20ac <br>(5-8 hl\u00f6)<\/td><td>68 \u20ac (1-4 hl\u00f6)<br>90 \u20ac (5-8 hl\u00f6)<\/td><\/tr><tr><td><a href=\"https:\/\/paivarinteenlomamokit.com\/index.php\/mokit\/honkaniemi\/\" data-type=\"page\" data-id=\"305\">Honkaniemi<\/a><br><img loading=\"lazy\" decoding=\"async\" width=\"150\" height=\"125\" class=\"wp-image-342\" style=\"width: 150px;\" src=\"http:\/\/paivarinteenlomamokit.com\/wp-content\/uploads\/2024\/04\/20230617_132427-\u2013-kopio-scaled.jpg\" alt=\"\" srcset=\"https:\/\/paivarinteenlomamokit.com\/wp-content\/uploads\/2024\/04\/20230617_132427-\u2013-kopio-scaled.jpg 2560w, https:\/\/paivarinteenlomamokit.com\/wp-content\/uploads\/2024\/04\/20230617_132427-\u2013-kopio-300x251.jpg 300w, https:\/\/paivarinteenlomamokit.com\/wp-content\/uploads\/2024\/04\/20230617_132427-\u2013-kopio-1024x855.jpg 1024w, https:\/\/paivarinteenlomamokit.com\/wp-content\/uploads\/2024\/04\/20230617_132427-\u2013-kopio-768x641.jpg 768w, https:\/\/paivarinteenlomamokit.com\/wp-content\/uploads\/2024\/04\/20230617_132427-\u2013-kopio-1536x1283.jpg 1536w, https:\/\/paivarinteenlomamokit.com\/wp-content\/uploads\/2024\/04\/20230617_132427-\u2013-kopio-2048x1710.jpg 2048w\" sizes=\"(max-width: 150px) 100vw, 150px\" \/><\/td><td>400 \u20ac <br>(1-4 hl\u00f6)<br>420 \u20ac <br>(5-8 hl\u00f6)<\/td><td>68 \u20ac (1-4 hl\u00f6)<br>90 \u20ac (5-8hl\u00f6)<\/td><\/tr><tr><td><a href=\"https:\/\/paivarinteenlomamokit.com\/index.php\/mokit\/kotiranta\/\" data-type=\"page\" data-id=\"39\">Kotiranta<\/a><br><img loading=\"lazy\" decoding=\"async\" width=\"150\" height=\"100\" class=\"wp-image-88\" style=\"width: 150px;\" src=\"http:\/\/paivarinteenlomamokit.com\/wp-content\/uploads\/2019\/01\/Kotiranta-1.jpg\" alt=\"\" srcset=\"https:\/\/paivarinteenlomamokit.com\/wp-content\/uploads\/2019\/01\/Kotiranta-1.jpg 3088w, https:\/\/paivarinteenlomamokit.com\/wp-content\/uploads\/2019\/01\/Kotiranta-1-300x200.jpg 300w, https:\/\/paivarinteenlomamokit.com\/wp-content\/uploads\/2019\/01\/Kotiranta-1-768x511.jpg 768w, https:\/\/paivarinteenlomamokit.com\/wp-content\/uploads\/2019\/01\/Kotiranta-1-1024x682.jpg 1024w\" sizes=\"(max-width: 150px) 100vw, 150px\" \/><\/td><td>350 \u20ac <br>(1-4 hl\u00f6)<\/td><td>55 \u20ac <br>(1-4 hl\u00f6)<\/td><\/tr><tr><td><a href=\"https:\/\/paivarinteenlomamokit.com\/index.php\/mokit\/itaranta\/\" data-type=\"page\" data-id=\"37\">It\u00e4ranta<\/a><br><img loading=\"lazy\" decoding=\"async\" width=\"150\" height=\"100\" class=\"wp-image-84\" style=\"width: 150px;\" src=\"http:\/\/paivarinteenlomamokit.com\/wp-content\/uploads\/2019\/01\/It\u00e4ranta-edest\u00e4.jpg\" alt=\"\" srcset=\"https:\/\/paivarinteenlomamokit.com\/wp-content\/uploads\/2019\/01\/It\u00e4ranta-edest\u00e4.jpg 3088w, https:\/\/paivarinteenlomamokit.com\/wp-content\/uploads\/2019\/01\/It\u00e4ranta-edest\u00e4-300x200.jpg 300w, https:\/\/paivarinteenlomamokit.com\/wp-content\/uploads\/2019\/01\/It\u00e4ranta-edest\u00e4-768x511.jpg 768w, https:\/\/paivarinteenlomamokit.com\/wp-content\/uploads\/2019\/01\/It\u00e4ranta-edest\u00e4-1024x682.jpg 1024w\" sizes=\"(max-width: 150px) 100vw, 150px\" \/><\/td><td>325 \u20ac <br>(1-4 hl\u00f6)<\/td><td>52 \u20ac <br>(1-4 hl\u00f6)<\/td><\/tr><tr><td>Kotipiha<\/td><td>230 \u20ac<\/td><td>48 \u20ac<\/td><\/tr><\/tbody><\/table><\/figure>\n<\/div><\/div>\n<\/div>\n<\/div>\n\n\n\n<p class=\"has-text-align-right\">Hinnat sis\u00e4lt\u00e4v\u00e4t Alv:n.<\/p>\n\n\n\n<p><\/p>\n\n\n\n<p><strong>Liinavaatteet: 5\u20ac \/ hl\u00f6<\/strong><\/p>\n\n\n\n<p><strong>Lemmikkilis\u00e4 10\u20ac<\/strong><\/p>\n\n\n\n<p><strong>Loppusiivous 30\u20ac<\/strong> <\/p>\n\n\n\n<p><\/p>\n\n\n\n<p><\/p>\n","protected":false},"excerpt":{"rendered":"<p>M\u00f6kki Hinta \/ viikko Hinta \/ vrk P\u00e4iv\u00e4ns\u00e4de 420 \u20ac (1-4 hl\u00f6)440 \u20ac (5-6 hl\u00f6) 70 \u20ac (1-4 hl\u00f6)95 \u20ac (5-6 hl\u00f6) Hiekkalahti I 420 \u20ac (1-4 hl\u00f6) 440 \u20ac (5-8 hl\u00f6) 70 \u20ac (1-4 hl\u00f6)95 \u20ac (5-8hl\u00f6) Hiekkalahti II 400 \u20ac (1-4 hl\u00f6) 420 \u20ac (5-8 hl\u00f6) 68 \u20ac (1-4 hl\u00f6)90 \u20ac (5-8 hl\u00f6) &hellip; <\/p>\n<p class=\"link-more\"><a href=\"https:\/\/paivarinteenlomamokit.com\/index.php\/hinnasto\/\" class=\"more-link\">Jatka lukemista<span class=\"screen-reader-text\"> &#8221;Hinnasto&#8221;<\/span><\/a><\/p>\n","protected":false},"author":1,"featured_media":0,"parent":0,"menu_order":0,"comment_status":"closed","ping_status":"closed","template":"","meta":{"footnotes":""},"_links":{"self":[{"href":"https:\/\/paivarinteenlomamokit.com\/index.php\/wp-json\/wp\/v2\/pages\/130"}],"collection":[{"href":"https:\/\/paivarinteenlomamokit.com\/index.php\/wp-json\/wp\/v2\/pages"}],"about":[{"href":"https:\/\/paivarinteenlomamokit.com\/index.php\/wp-json\/wp\/v2\/types\/page"}],"author":[{"embeddable":true,"href":"https:\/\/paivarinteenlomamokit.com\/index.php\/wp-json\/wp\/v2\/users\/1"}],"replies":[{"embeddable":true,"href":"https:\/\/paivarinteenlomamokit.com\/index.php\/wp-json\/wp\/v2\/comments?post=130"}],"version-history":[{"count":15,"href":"https:\/\/paivarinteenlomamokit.com\/index.php\/wp-json\/wp\/v2\/pages\/130\/revisions"}],"predecessor-version":[{"id":433,"href":"https:\/\/paivarinteenlomamokit.com\/index.php\/wp-json\/wp\/v2\/pages\/130\/revisions\/433"}],"wp:attachment":[{"href":"https:\/\/paivarinteenlomamokit.com\/index.php\/wp-json\/wp\/v2\/media?parent=130"}],"curies":[{"name":"wp","href":"https:\/\/api.w.org\/{rel}","templated":true}]}}